 is the remainder when o is divided by 10?
9
Let z = 662 + -657. Suppose 225 = n + 4*n - z*d, 4*n + 3*d = 208. Calculate the remainder when 138 is divided by n.
40
Let k = 45 + 752. Let i(p) = 13*p + 61. Calculate the remainder when k is divided by i(3).
97
Let m(r) = -67 - 2*r - 2*r - r**3 + 58 - 3*r**2 + 2*r. What is the remainder when 192 is divided by m(-4)?
12
Let i(m) = -m**3 + 130*m**2 - 261*m + 1340. What is the remainder when 722 is divided by i(128)?
22
Suppose -2*z + 149 = -123. Suppose -106*s - z = -110*s. What is the remainder when 44 is divided by s?
10
Suppose -2*n + 376 = 2*g, -2*g + 4*n - 1261 = -1625. What is the remainder when 245 is divided by g?
59
Suppose -2*b + 20 = -2*j - 22, 4*j + 93 = b. Calculate the remainder when 73 is divided by 1*543/18 - (-4)/j.
13
Let q(s) = -10*s + 61. Let v be q(6). Let j(p) = 88*p - 1. Calculate the remainder when j(v) is divided by 11.
10
Let d(x) = -x**3 + 12*x**2 - 6*x + 5. Let n be d(4). Suppose 4*u - n = -5*m, -129 = -3*u + 4*m - 24. Calculate the remainder when 86 is divided by u.
24
Suppose 15 = -5*k + 45. What is the remainder when 2393 is divided by k?
5
Let p = -50 - -81. Suppose 0 = 3*y + z - 81, 56*y - 27 = 55*y + 5*z. Calculate the remainder when p is divided by y.
4
What is the remainder when 10/(-11 + (-8371)/(-759)) is divided by 101?
42
Let u be (-6 - -24)/(-6) + -181. Let h = 202 + u. Calculate the remainder when 66 is divided by h.
12
Suppose 65*a = 70*a. Suppose a = 45*q - 52*q + 1078. What is the remainder when q is divided by 26?
24
Suppose 0 = 95*b + 148*b - 79636 - 359708. What is the remainder when b is divided by 50?
8
Let r = 2 - -3. Suppose -2*f = 3*w - 5, 0 = f - 0*f - w - r. Let x = f + 119. What is the remainder when x is divided by 21?
18
Let v = -9742 + 10257. What is the remainder when v is divided by 83?
17
Suppose 4*m - 51 = 13. What is the remainder when 1254/264*((-4)/(-10) - 490/(-25)) is divided by m?
15
Let i be 70752/(-128) - 1/4. Let o = i + 574. Calculate the remainder when 522 is divided by o.
18
Let b(q) = 2*q**3 + 103*q**2 + 49*q - 93. What is the remainder when 991 is divided by b(-51)?
1
Let k(v) = -6*v - 4. Suppose 6*l = 14*l - 16. Suppose 0 = -l*f + 4*o + 84, 4*f + 2*o - 232 + 24 = 0. What is the remainder when f is divided by k(-5)?
24
Suppose -3*m - 2*h + 7 = 0, -2*h - 23 = -0*m - 3*m. Let u = 13 - -10. Suppose 3*w - u = 19. Calculate the remainder when w is divided by m.
4
Let y be ((-54)/12 + 3 - 4)*38. Let i = y - -596. Calculate the remainder when i is divided by 28.
23
Let j be 3 - (7206/(-45) - (-6)/45). Suppose 2*h = -p + j, 3*h - 2*p - 242 = -p. Calculate the remainder when h is divided by 29.
23
Let r(j) be the third derivative of j**5/20 - j**4/12 - 7*j**3/3 - 29*j**2. Let n be (-5)/(-1) + -2 + 3. What is the remainder when r(n) is divided by 14?
12
What is the remainder when 696 is divided by ((-98)/49)/(2/(-71))?
57
Let a be (-72 - -91)*(-1 + -1). Suppose -62 = 2*l - 3*l + p, 0 = p - 4. Let s = a + l. Calculate the remainder when s is divided by 16.
12
Let g(z) be the first derivative of 1 + 3*z**2 + 1/3*z**3 + 18*z. What is the remainder when g(-11) is divided by 19?
16
Suppose -4*y = 2*z - 478, 2*z - 260 = -3*y + 219. What is the remainder when z is divided by 27?
25
Let s = 2526 - 1585. Calculate the remainder when s is divided by 8.
5
Suppose -y + 10*s - 11*s = -1886, 0 = -y + 2*s + 1898. What is the remainder when y is divided by 4?
2
Let c(h) = -h**3 + 96*h**2 - 190*h + 211. What is the remainder when (-457)/(-5) + 2/(-5) is divided by c(94)?
22
Suppose w - z + 6 = 0, 0 = -5*w + z - 6 - 36. Let m be 2/((w/15)/3). Let l(v) = v**2 + 11*v + 19. What is the remainder when 52 is divided by l(m)?
7
What is the remainder when 3161 is divided by 150*(-1)/((-24)/36)?
11
Let w = 148 - 82. Let g be (-8)/(-4 + 2) + w. Let v = g + -49. What is the remainder when 41 is divided by v?
20
Suppose b - 5*q - 17 = 0, 0*b = b - 3*q - 11. Suppose 0 = -b*f + 6*f - 96. Let w(z) = 47*z**3 - z**2. What is the remainder when w(1) is divided by f?
22
Let n = -92253 - -92430. Let w = 17 - -3. Calculate the remainder when n is divided by w.
17
Let k(w) = w**3 - 15*w**2 + 69*w - 66. What is the remainder when 1877 is divided by k(6)?
5
Let q = -98 + 1433. Suppose -q - 677 = -4*d. What is the remainder when d is divided by 23?
20
Let f(g) = -6*g - 37. What is the remainder when -2 - -52 - 9/(4 - -5) is divided by f(-7)?
4
Let w = -728 + 742. Suppose -w*t + 16*t + 3*j - 9 = 0, t + j = 4. Calculate the remainder when 33 is divided by t.
0
Suppose -4*j = -91 - 377. Calculate the remainder when 94 is divided by (j/(-195))/(-2 + 9/5).
1
Let n(j) = -14*j - 5. Let s be n(-5). Suppose 0 = 4*i - 3*r - 221, 0*i - 4*r = -i + s. Let a = -18824 + 18843. What is the remainder when i is divided by a?
15
Calculate the remainder when 518 is divided by ((-13)/((-104)/(-16)))/(10/(-845)).
11
Let p(n) = -n**2 + 9*n - 1. Let k(q) = -q**3 - 17*q**2 - 48*q - 60. Calculate the remainder when k(-14) is divided by p(7).
11
Suppose 5*o - 168 = 2*q, 2*q + 60 = 2*o + 3*q. Suppose -603 = 20*b - 103. Let g = 36 + b. What is the remainder when o is divided by g?
10
Suppose 3*k = 3*w - 11 + 551, -2*k + 4*w = -352. Suppose -4*s = l - 37, -16 = -5*l - 5*s + k. Calculate the remainder when 239 is divided by l.
34
Let g be (-4)/6 - 16/12. Let h be (-16)/(-10) + ((-16)/10 - g). Suppose 3*r = 4*b - h*b - 13, 3*b - 3*r - 21 = 0. What is the remainder when 29 is divided by b?
5
Calculate the remainder when 1*-7*106*2/(-4) is divided by (-1)/5*2 + 6364/185.
31
Suppose -28 + 5 = -3*f + 88. What is the remainder when 3316 is divided by f?
23
Let q(d) = -d**3 + 6*d**2 - 4*d + 52. Let i be (-2 + 2)/((-4)/(-4))*-1. Calculate the remainder when (-7 + 9)*((-82)/(-4) - i) is divided by q(6).
13
Suppose 2*m = 72 + 18. Suppose 3*z + 4*t - 144 = 0, 6*z - 5*t = z + 240. Suppose 4*v + z = 8*v. Calculate the remainder when m is divided by v.
9
Suppose -5*u = -124 - 191. Let i be (4 + -3 + 2)*210/(-9). Let d = -57 - i. What is the remainder when u is divided by d?
11
Let j(s) = -14*s + 5. Let x(y) = 7*y**2 - 56. Let i be x(-5). Suppose 5*a = w - 46 + i, 3*a = w + 43. What is the remainder when j(-7) is divided by a?
13
Let h = 15 + 221. Suppose 118 = 2*t - c, c = -6029*t + 6030*t - 57. Calculate the remainder when h is divided by t.
53
Suppose 43*x - 29*x = -22 + 470. Let m be (0 + 12)/(-1 - -2). Calculate the remainder when 2/(-12) - (-1106)/m is divided by x.
28
Let l(j) = -2*j**3 + 33*j**2 - 42*j + 8. What is the remainder when 529 is divided by l(15)?
52
Let a(y) = y + 3. Suppose -n = x - 24, 9*x + 15 = 4*x. Suppose v = 5*c + 14 + 1, -3*v - 3*c = -n. What is the remainder when v is divided by a(4)?
3
Let p(w) = w + 19. Let v = -13 + 1. What is the remainder when p(5) is divided by (-2 + v)/((3 - -3)/(-3))?
3
Suppose 4*s = 15 + 33. Suppose -2*b + 32 = -s. What is the remainder when b is divided by 9?
4
Let d(h) = 2*h**3 - 46*h + 27 - 20*h**2 + 5*h**3 + 20 - 6*h**3. Calculate the remainder when 3 is divided by d(22).
0
Let a(x) = 31*x**2 - 206*x - 420. What is the remainder when 379 is divided by a(-2)?
31
Suppose 6656*i - 6607*i - 12740 = 0. What is the remainder when i is divided by 0 + (2 - 0 - -22)?
20
Let y(j) = 7*j**2 + 45*j + 11. Let o(m) = 37*m**2 + 224*m + 50. Let v(t) = 2*o(t) - 11*y(t). Calculate the remainder when 79 is divided by v(-15).
7
Let n(b) = -b + 65. Let k(u) = 2*u - 98. Let s(a) = -5*k(a) - 8*n(a). What is the remainder when s(-36) is divided by (-48)/(-14)*(-14)/(-4)?
6
Let a = 14979 + -14175. Calculate the remainder when a is divided by 83.
57
Suppose a = -5*t + 338, 3*a - 4*a - 198 = -3*t. What is the remainder when 220 is divided by (t/201)/(1/111)?
35
Let a be 15/(-18) - 1562/(-132). Suppose -964 = -5*k + 161. Calculate the remainder when k is divided by 1/(a/625) - 22/(-121).
54
Calculate the remainder when (-1355)/(-20) - (-6)/(-8) is divided by ((-36)/21)/((-13)/(-455))*(-4)/5.
19
Let x(p) = p**2 - 9*p - 64. Suppose 4*m - 245 - 186 = -q, 0 = 2*m - 3*q - 219. What is the remainder when m is divided by x(-7)?
12
Let m(k) = 24*k**2 - 4. Calculate the remainder when m(-3) is divided by (-179)/30 - -6 - 25701/(-1170).
14
Let l = 517 - 546. Let p = l + 136. Let b = 9 - -18. Cal